1). Let x(w) = -w**3 + 15*w**2 - 11*w + 9. Let t = 8 + 6. Let k be x(t). What is the highest common divisor of c and k?
17
Suppose 9 + 3 = 4*y. Suppose y*o = -o + 60. Suppose -f = -0*f + 2*a - 3, 4*f - o = -5*a. Calculate the greatest common factor of 45 and f.
5
Let x be 75 + -5 + 2 + 0. Suppose -4*l = 5*a - 29, l - 6*l - 47 = -3*a. What is the greatest common divisor of x and a?
9
Let r(w) = -4*w**3 + 2*w + 1. Let q be r(-1). What is the highest common factor of q and 9?
3
Suppose -5*j + 225 = -0*j. Let k = -11 + -17. Let w = k + 43. Calculate the greatest common factor of w and j.
15
Suppose 4*d - 2 = 6. Let p be (d/(-3))/(1/(-3)). Calculate the greatest common divisor of 8 and p.
2
Suppose 5*j - 96 = 3*j. Suppose -l + 156 = -5*n - 5*l, -159 = 5*n + l. Let a = n + j. What is the highest common factor of 32 and a?
16
Let o be ((-14)/(-5))/(8/20). Let m be (o/2)/(1/2). Calculate the greatest common divisor of m and 35.
7
Let o be (0 + -2 - -3)*24. Suppose -n + 5*m + 7 = o, -5*n + 4*m = 22. Let d be (-316)/(-5) - n/(-10). What is the highest common factor of 9 and d?
9
Let f(u) = 45*u + 20. Let y(l) = 11*l + 5. Let j(z) = 2*f(z) - 9*y(z). Let o be j(-3). Suppose 33 = q - 0*q. Calculate the highest common factor of o and q.
11
Let p = 309 - 165. Calculate the greatest common factor of 18 and p.
18
Let l be 1/(1/(-2)) + 12. Let g = -5 + l. What is the greatest common divisor of 5 and g?
5
Suppose -3*o = -4 + 1, 0 = 4*s + 3*o - 23. Suppose -s*d = -107 + 17. Suppose d = 3*j + 6. What is the greatest common divisor of j and 36?
4
Let o = -6 + 18. Calculate the greatest common factor of o and 108.
12
Suppose 0 = s - 0 - 56. Calculate the highest common factor of s and 7.
7
Let d(c) = 16*c**2 + 3*c + 1. Let j be d(-1). Calculate the highest common factor of 56 and j.
14
Let u(c) = -16*c - 3. Let g be u(3). Let k = -31 - g. Suppose -2*n + 6 = 2*a - 0, -3*a + 21 = -3*n. What is the greatest common factor of k and a?
5
Let p be (-1 - 3) + (-100)/(-4). Calculate the highest common divisor of 7 and p.
7
Suppose -5*k = 10, d + 4*k - 9 + 38 = 0. Let n = 37 + d. What is the highest common factor of n and 2?
2
Suppose 0 = 5*x + 4*n - 315, -4*n + 252 = 4*x - 0*n. What is the greatest common factor of x and 14?
7
Let x(d) = d**3 - 24*d**2 - d + 30. Let u be x(24). What is the highest common divisor of 18 and u?
6
Suppose 3*l - 2*j = j + 33, -2*l + j + 23 = 0. Let c = l + -3. Calculate the greatest common divisor of c and 1.
1
Let t(d) = -d - 2. Let n be t(-7). Suppose -n*i + i = -560. Suppose 0*q = -q + i. Calculate the highest common divisor of q and 20.
20
Let m(q) = q + 1. Let h be m(3). Let f(b) = -b + 10. Let l be f(7). Suppose -c = -0 - 3, 5*j - l*c - 31 = 0. What is the highest common divisor of h and j?
4
Let g(p) = -p**3 - 8*p**2 + 10*p + 13. Let f be g(-9). Suppose -5*n + f + 76 = 0. What is the greatest common factor of n and 8?
8
Suppose -15*q + 150 = -75. What is the greatest common divisor of q and 10?
5
Let z = -5 + 13. Suppose 5*q + o = 195, q = -0*o - 5*o + 15. Calculate the greatest common factor of z and q.
8
Let b(z) = 24*z + 2. Let f be b(-5). Let m = 239 + f. Calculate the greatest common divisor of m and 11.
11
Let h = 18 + -5. Suppose 0 = -5*r + h - 3. Suppose 5*v - 3*v + 394 = r*t, 2*t = v + 395. Calculate the highest common divisor of t and 18.
18
Let t = 17 + 33. Let k(n) = -n + 4. Let y be k(-6). What is the greatest common factor of y and t?
10
Suppose 8*z + 12 = 10*z. Let y(r) = -4*r - 5. Let b(n) = 7*n + 9. Let x(k) = 3*b(k) + 5*y(k). Let h be x(z). Calculate the greatest common divisor of h and 32.
8
Let x(o) = -5*o - 18. Let g be x(10). Let t = g - -156. Calculate the greatest common factor of t and 11.
11
Let j(q) = 3*q + 11. Let u be j(9). What is the greatest common divisor of u and 95?
19
Suppose 0 = -3*p + 109 + 38. What is the greatest common factor of 7 and p?
7
Let x(k) = -2*k - 8. Let a be x(-8). Let j = a + -5. Calculate the greatest common divisor of 21 and j.
3
Let j(i) = i + 1. Let z be j(12). Let v = 12 + z. Calculate the greatest common divisor of 125 and v.
25
Let x = 0 + 10. Suppose 5*u + 0 = x, -5*u + 205 = 3*j. Let k = 33 - 20. Calculate the highest common divisor of j and k.
13
Let l be (-69)/(-12) + 1/4. Suppose 2*t + h - 3*h - 20 = 0, -3*t - 4*h = 5. Suppose t*p = 99 + 111. Calculate the highest common factor of l and p.
6
Suppose o + 10 = 2*o. Calculate the highest common factor of o and 170.
10
Suppose -3*m - 4*y + 165 = 0, 6*m = 4*m + 4*y + 90. What is the greatest common factor of 408 and m?
51
Let w(s) = s**2 - s - 6. Let q(j) = -j**3 - 8*j**2 - 7*j + 7. Let m be q(-7). Let p be w(m). Calculate the highest common divisor of p and 9.
9
Let w = -25 + 59. Suppose c - 2*c - 61 = 0. Let j = c - -146. Calculate the highest common factor of j and w.
17
Let r = -4 - -8. Suppose 3*j - 1 = 5. Let p be 1 + j + (-2)/2. What is the highest common factor of p and r?
2
Let n(t) = -t + 1. Let x(o) = o**2 + 4. Let f(g) = -4*n(g) + x(g). Let b be f(-10). What is the greatest common factor of b and 12?
12
Let t be (-1 - 3)/(2/(-9)). What is the highest common divisor of t and 6?
6
Suppose 5*b = 727 + 263. What is the greatest common divisor of b and 18?
18
Suppose 4*n + 80 = 5*r, -2*n + 0*n - 10 = 0. Suppose -4*i + 43 = t + 4*t, i - 4 = t. Let w = i + -1. What is the highest common factor of w and r?
6
Let i be (-262)/(-2 + -3 - -3). Let z = i - 41. Calculate the highest common divisor of 18 and z.
18
Suppose -24 = -4*r - 4*m, 18 = 2*r + r + 5*m. Let p(z) = 3*z**2 + 6*z - 3. Let s be p(-5). What is the highest common factor of r and s?
6
Let b(j) = -j**3 - 3*j**2 + 2*j - 11. Let t be b(-5). Calculate the greatest common divisor of t and 116.
29
Let w = 10 - 6. Let x(s) = -s + 5. Let v be x(-7). Suppose v = w*n - n. Calculate the highest common factor of n and 4.
4
Let y(w) = -5*w - 20. Let h be y(-16). Calculate the highest common divisor of h and 12.
12
Let y = -7 - -4. Let g(k) = k + 7. Let c be g(y). Suppose 12 = 2*m + c*b - 0*b, 18 = 2*m + b. Calculate the highest common divisor of m and 25.
5
Let j be (-1 - 0)/((-7)/133). Calculate the greatest common divisor of j and 19.
19
Let d = 4 + -3. Suppose -4*m = d + 15, 4*a - m - 292 = 0. Calculate the highest common factor of a and 8.
8
Suppose 3*l - 2 = -3*a + 1, 49 = 4*l - 5*a. Calculate the greatest common divisor of 3 and l.
3
Let o(u) = u - 4. Let m = 1 - -7. Let r be o(m). Calculate the highest common divisor of r and 28.
4
Let v be 2*-2*(3 - 1). Let y be (18/v)/((-12)/(-32)). Let x be -7*1*y/6. What is the highest common factor of 28 and x?
7
Suppose -4*r + 405 + 115 = 0. What is the highest common factor of r and 13?
13
Let v = 8 + -13. Let q = v + 15. Suppose 0 = 3*t - 24 - 6. Calculate the highest common factor of t and q.
10
Let p(w) = w + 32. Let z be p(25). Calculate the greatest common divisor of 19 and z.
19
Let x = 12 + 49. Suppose 5*g = 3*d - x, -d - g - 53 = -5*d. Calculate the highest common divisor of 48 and d.
12
Let d(p) = -p**3 + 6*p**2 - 3*p + 1. Let z be d(5). Let s(c) = -2 + 3 - 8 - 12*c. Let x be s(-7). What is the greatest common factor of x and z?
11
Suppose 5*i - 4*j - 202 = -2*j, 0 = 5*i + j - 199. Suppose u - 3 + 29 = 4*y, -5*y = 4*u - 1. Let o = -1 - u. Calculate the greatest common factor of i and o.
5
Let l(r) = 3*r**2 - 2*r - 11. Let h be l(-3). What is the highest common factor of h and 22?
22
Let c(a) = a**3 + 4*a**2 - 6*a - 1. Let o be c(-5). Let n be ((-6)/5)/(o/(-70)). Calculate the highest common divisor of n and 7.
7
Suppose -14 = 2*q + v - 5*v, 0 = -5*q - 5*v + 40. Let z(b) = b**2 + 5*b - 15. Let n be z(3). What is the highest common divisor of n and q?
3
Let o(z) = 0*z - 2*z - 13 + 0*z. Let d be o(-11). What is the greatest common factor of 72 and d?
9
Let m(x) = -63*x + 1. Let l be m(-1). Suppose -6 = -3*b + 36. Suppose -2*w + b = -2. What is the greatest common divisor of w and l?
8
Let m(p) = p**2 + 3*p - 3. Let l be m(-4). Let x be l/(-2) + (-13)/2. Let z = -2 - x. Calculate the greatest common divisor of z and 2.
1
Let m = 28 - 14. Suppose 0 = -2*t - t + 3*q + 6, 0 = t + 3*q + 18. Let c be (-335)/(-3) - 1/t. What is the highest common divisor of c and m?
14
Let f = -529 + 799. What is the greatest common factor of f a